{"id":9,"date":"2026-04-24T16:06:56","date_gmt":"2026-04-24T14:06:56","guid":{"rendered":"http:\/\/amg-pellet.pl\/?page_id=9"},"modified":"2026-04-24T16:54:04","modified_gmt":"2026-04-24T14:54:04","slug":"refund_returns","status":"publish","type":"page","link":"https:\/\/amg-pellet.pl\/?page_id=9","title":{"rendered":"Zwroty i Reklamacje"},"content":{"rendered":"<p>Zwroty (Odst\u0105pienie od umowy)<\/p>\n<p>Zgodnie z obowi\u0105zuj\u0105cym prawem, maj\u0105 Pa\u0144stwo prawo odst\u0105pi\u0107 od niniejszej umowy w terminie 14 dni bez podania jakiejkolwiek przyczyny.<\/p>\n<p>Termin do odst\u0105pienia od umowy wygasa po up\u0142ywie 14 dni od dnia, w kt\u00f3rym weszli Pa\u0144stwo w posiadanie towaru (np. odebranie palety pelletu).<\/p>\n<p>Aby zachowa\u0107 termin, wystarczy wys\u0142a\u0107 informacj\u0119 o ch\u0119ci zwrotu przed up\u0142ywem 14 dni na adres e-mail: zakupy@amg-pellet.pl<\/p>\n<p>Stan towaru: Zwracany towar musi by\u0107 kompletny i w stanie nienaruszonym. Worki z pelletem nie mog\u0105 by\u0107 rozci\u0119te, a palisady nie mog\u0105 nosi\u0107 \u015blad\u00f3w monta\u017cu czy uszkodze\u0144 mechanicznych.<br \/>\nWyj\u0105tek: Prawo do zwrotu nie przys\u0142uguje w przypadku produkt\u00f3w wykonanych na specjalne zam\u00f3wienie klienta (np. palisady docinane pod konkretny wymiar).<\/p>\n<p>Koszty zwrotu<br \/>\nBezpo\u015brednie koszy zwrotu towaru pokrywa Kupuj\u0105cy.<br \/>\nZe wzgl\u0119du na gabaryty i wag\u0119 towaru (wysy\u0142ka paletowa), koszt zwrotu mo\u017ce by\u0107 znacznie wy\u017cszy ni\u017c zwyk\u0142a przesy\u0142ka pocztowa. Prosimy o przemy\u015blane zakupy.<\/p>\n<p>Reklamacje<\/p>\n<p>Je\u015bli otrzymany towar jest niezgodny z opisem, uszkodzony lub posiada wady fabryczne, maj\u0105 Pa\u0144stwo prawo do z\u0142o\u017cenia reklamacji.<br \/>\nReklamacj\u0119 prosimy zg\u0142asza\u0107 na adres: zakupy@amg-pellet.pl, do\u0142\u0105czaj\u0105c zdj\u0119cia uszkodzonego towaru oraz opis wady.<br \/>\nReklamacja zostanie rozpatrzona w ci\u0105gu 14 dni od jej zg\u0142oszenia. W przypadku uznania reklamacji, towar zostanie wymieniony na wolny od wad lub zwr\u00f3cimy Pa\u0144stwu pieni\u0105dze<\/p>\n","protected":false},"excerpt":{"rendered":"<p>Zwroty (Odst\u0105pienie od umowy) Zgodnie z obowi\u0105zuj\u0105cym prawem, maj\u0105 Pa\u0144stwo prawo odst\u0105pi\u0107 od niniejszej umowy w terminie 14 dni bez [&hellip;]<\/p>\n","protected":false},"author":1,"featured_media":0,"parent":0,"menu_order":0,"comment_status":"closed","ping_status":"closed","template":"","meta":{"site-sidebar-layout":"default","site-content-layout":"","ast-site-content-layout":"default","site-content-style":"default","site-sidebar-style":"default","ast-global-header-display":"","ast-banner-title-visibility":"","ast-main-header-display":"","ast-hfb-above-header-display":"","ast-hfb-below-header-display":"","ast-hfb-mobile-header-display":"","site-post-title":"","ast-breadcrumbs-content":"","ast-featured-img":"","footer-sml-layout":"","ast-disable-related-posts":"","theme-transparent-header-meta":"","adv-header-id-meta":"","stick-header-meta":"","header-above-stick-meta":"","header-main-stick-meta":"","header-below-stick-meta":"","astra-migrate-meta-layouts":"default","ast-page-background-enabled":"default","ast-page-background-meta":{"desktop":{"background-color":"var(--ast-global-color-5)","background-image":"","background-repeat":"repeat","background-position":"center center","background-size":"auto","background-attachment":"scroll","background-type":"","background-media":"","overlay-type":"","overlay-color":"","overlay-opacity":"","overlay-gradient":""},"tablet":{"background-color":"","background-image":"","background-repeat":"repeat","background-position":"center center","background-size":"auto","background-attachment":"scroll","background-type":"","background-media":"","overlay-type":"","overlay-color":"","overlay-opacity":"","overlay-gradient":""},"mobile":{"background-color":"","background-image":"","background-repeat":"repeat","background-position":"center center","background-size":"auto","background-attachment":"scroll","background-type":"","background-media":"","overlay-type":"","overlay-color":"","overlay-opacity":"","overlay-gradient":""}},"ast-content-background-meta":{"desktop":{"background-color":"var(--ast-global-color-4)","background-image":"","background-repeat":"repeat","background-position":"center center","background-size":"auto","background-attachment":"scroll","background-type":"","background-media":"","overlay-type":"","overlay-color":"","overlay-opacity":"","overlay-gradient":""},"tablet":{"background-color":"var(--ast-global-color-4)","background-image":"","background-repeat":"repeat","background-position":"center center","background-size":"auto","background-attachment":"scroll","background-type":"","background-media":"","overlay-type":"","overlay-color":"","overlay-opacity":"","overlay-gradient":""},"mobile":{"background-color":"var(--ast-global-color-4)","background-image":"","background-repeat":"repeat","background-position":"center center","background-size":"auto","background-attachment":"scroll","background-type":"","background-media":"","overlay-type":"","overlay-color":"","overlay-opacity":"","overlay-gradient":""}},"footnotes":""},"class_list":["post-9","page","type-page","status-publish","hentry"],"_links":{"self":[{"href":"https:\/\/amg-pellet.pl\/index.php?rest_route=\/wp\/v2\/pages\/9","targetHints":{"allow":["GET"]}}],"collection":[{"href":"https:\/\/amg-pellet.pl\/index.php?rest_route=\/wp\/v2\/pages"}],"about":[{"href":"https:\/\/amg-pellet.pl\/index.php?rest_route=\/wp\/v2\/types\/page"}],"author":[{"embeddable":true,"href":"https:\/\/amg-pellet.pl\/index.php?rest_route=\/wp\/v2\/users\/1"}],"replies":[{"embeddable":true,"href":"https:\/\/amg-pellet.pl\/index.php?rest_route=%2Fwp%2Fv2%2Fcomments&post=9"}],"version-history":[{"count":4,"href":"https:\/\/amg-pellet.pl\/index.php?rest_route=\/wp\/v2\/pages\/9\/revisions"}],"predecessor-version":[{"id":298,"href":"https:\/\/amg-pellet.pl\/index.php?rest_route=\/wp\/v2\/pages\/9\/revisions\/298"}],"wp:attachment":[{"href":"https:\/\/amg-pellet.pl\/index.php?rest_route=%2Fwp%2Fv2%2Fmedia&parent=9"}],"curies":[{"name":"wp","href":"https:\/\/api.w.org\/{rel}","templated":true}]}}